 2.
-111
What is -7 (base 9) in base 7?
-10
What is -103 (base 7) in base 6?
-124
What is 4 (base 15) in base 13?
4
0 (base 12) to base 11
0
What is 25 (base 9) in base 13?
1a
Convert 11 (base 6) to base 2.
111
Convert -2 (base 15) to base 13.
-2
Convert 9 (base 12) to base 13.
9
What is 100 (base 8) in base 14?
48
Convert 10 (base 8) to base 16.
8
Convert -12 (base 3) to base 10.
-5
112 (base 4) to base 7
31
Convert -1 (base 3) to base 7.
-1
What is 36 (base 8) in base 14?
22
What is -233 (base 5) in base 12?
-58
12 (base 3) to base 6
5
What is -22 (base 7) in base 14?
-12
Convert -1101 (base 6) to base 3.
-100101
-1 (base 10) to base 14
-1
What is 45 (base 6) in base 13?
23
10010 (base 2) to base 13
15
14 (base 5) to base 4
21
What is 333 (base 4) in base 10?
63
e (base 15) to base 4
32
What is 11 (base 11) in base 2?
1100
-109 (base 13) to base 15
-bd
112 (base 6) to base 13
35
Convert -1 (base 12) to base 9.
-1
2 (base 11) to base 12
2
What is 111 (base 5) in base 7?
43
Convert -101 (base 7) to base 6.
-122
Convert -2200 (base 3) to base 2.
-1001000
What is 4 (base 13) in base 3?
11
Convert 61 (base 9) to base 14.
3d
Convert 1010 (base 2) to base 10.
10
Convert 30 (base 14) to base 2.
101010
-87 (base 14) to base 3
-11102
e (base 16) to base 12
12
What is 18 (base 12) in base 6?
32
What is -20 (base 5) in base 14?
-a
What is 32 (base 13) in base 7?
56
Convert 201 (base 3) to base 10.
19
What is -20 (base 16) in base 9?
-35
Convert -43 (base 7) to base 11.
-29
1 (base 5) to base 6
1
What is -2 (base 13) in base 4?
-2
51 (base 14) to base 6
155
Convert a (base 15) to base 12.
a
Convert -15 (base 13) to base 10.
-18
What is -3 (base 16) in base 6?
-3
Convert -3a (base 12) to base 14.
-34
What is -12 (base 6) in base 12?
-8
-173 (base 8) to base 11
-102
Convert -1 (base 7) to base 2.
-1
Convert 413 (base 5) to base 2.
1101100
Convert 9 (base 14) to base 8.
11
1102 (base 3) to base 12
32
Convert 12 (base 7) to base 6.
13
Convert -1 (base 6) to base 16.
-1
What is 39 (base 13) in base 7?
66
What is -7 (base 12) in base 5?
-12
What is -c (base 16) in base 5?
-22
What is -6 (base 13) in base 7?
-6
What is -11 (base 6) in base 13?
-7
What is 3 (base 6) in base 10?
3
63 (base 7) to base 8
55
10 (base 2) to base 11
2
-1 (base 2) to base 16
-1
What is -110111 (base 2) in base 9?
-61
What is -20111 (base 3) in base 8?
-257
3 (base 15) to base 6
3
What is 55 (base 13) in base 15?
4a
-61 (base 8) to base 2
-110001
What is 5 (base 10) in base 4?
11
0 (base 2) to base 5
0
Convert 1000 (base 2) to base 5.
13
2 (base 10) to base 7
2
Convert -100 (base 2) to base 3.
-11
Convert 4 (base 8) to base 4.
10
What is 101001 (base 2) in base 16?
29
What is 1011 (base 2) in base 5?
21
10 (base 5) to base 4
11
-221 (base 4) to base 6
-105
110000 (base 2) to base 16
30
-11 (base 2) to base 3
-10
What is 4 (base 13) in base 8?
4
-9 (base 11) to base 7
-12
-84 (base 15) to base 10
-124
1010 (base 3) to base 4
132
What is 83 (base 9) in base 10?
75
-3e (base 16) to base 5
-222
Convert -115 (base 14) to base 9.
-258
What is -10 (base 2) in base 7?
-2
What is 59 (base 12) in base 5?
234
Convert 1e (base 16) to base 7.
42
What is -3 (base 11) in base 4?
-3
3 (base 13) to base 14
3
What is 3 (base 14) in base 11?
3
Convert 1010010 (base 2) to base 5.
312
What is -8 (base 15) in base 7?
-11
What is 1 (base 13) in base 16?
1
What is 15c (base 14) in base 16?
116
-2 (base 5) to base 6
-2
Convert -1011110 (base 2) to base 7.
-163
What is 13 (base 6) in base 8?
11
Convert -11 (base 15) to base 13.
-13
1221 (base 3) to base 10
52
Convert 2 (base 16) to base 7.
2
-2031 (base 4) to base 3
-12020
-20122 (base 3) to base 13
-10a
0 (base 11) to base 6
0
Convert -11 (base 11) to base 8.
-14
Convert 11 (base 7) to base 10.
8
What is 20 (base 3) in base 16?
6
What is -56 (base 11) in base 13?
-49
6 (base 14) to base 15
6
-1a (base 16) to base 13
-20
What is -3 (base 16) in base 5?
-3
What is -30 (base 15) in base 4?
-231
-2 (base 14) to base 2
-10
-130 (base 8) to base 4
-1120
2 (base 5) to base 15
2
-167 (base 12) to base 11
-193
What is -1c (base 13) in base 11?
-23
What is -4 (base 13) in base 3?
-11
142 (base 5) to base 12
3b
Convert -a (base 12) to base 3.
-101
Convert 32 (base 7) to base 2.
10111
What is 13 (base 4) in base 15?
7
Convert -443 (base 6) to base 12.
-123
Convert a (base 15) to base 4.
22
What is -2 (base 16) in base 15?
-2
313 (base 5) to base 15
58
What is -8 (base 16) in base 14?
-8
Convert -10 (base 2) to base 9.
-2
What is 1a (base 11) in base 10?
21
Convert -8 (base 13) to base 7.
-11
What is -21 (base 14) in base 5?
-104
What is -6 (base 8) in base 12?
-6
Convert 23 (base 9) to base 2.
10101
What is 1 (base 9) in base 13?
1
Convert -110 (base 5) to base 15.
-20
-12 (base 13) to base 5
-30
15 (base 9) to base 6
22
What is -1 (base 8) in base 3?
-1
What is 9 (base 13) in base 9?
10
What is -237 (base 11) in base 5?
-2112
-1444 (base 5) to base 16
-f9
1 (base 6) to base 3
1
102 (base 5) to base 6
43
Convert 14 (base 7) to base 3.
102
Convert -3 (base 6) to base 10.
-3
What is -48 (base 13) in base 12?
-50
2 (base 16) to base 3
2
What is -19 (base 13) in base 3?
-211
What is d (base 16) in base 14?
d
Convert -3 (base 15) to base 13.
-3
-20 (base 7) to base 13
-11
Convert a (base 12) to base 14.
a
What is 1222 (base 5) in base 2?
10111011
Convert -7 (base 10) to base 11.
-7
What is 3 (base 14) in base 8?
3
What is 19 (base 11) in base 4?
110
What is -22 (base 11) in base 16?
-18
What is -1 (base 2) in base 15?
-1
What is -36 (base 16) in base 13?
-42
What is 2 (base 7) in base 4?
2
What is -12 (base 4) in base 13?
-6
Convert -12 (base 3) to base 5.
-10
Convert 32 (base 7) to base 2.
10111
Convert -1b (base 14) to base 9.
-27
Convert -1 (base 12) to base 7.
-1
Convert -1 (base 8) to base 7.
-1
-1011 (base 3) to base 14
-23
Convert -23 (base 7) to base 9.
-18
Convert -9 (base 11) to base 7.
-12
-200 (base 4) to base 2
-100000
What is 10 (base 12) in base 13?
c
What is 22 (base 3) in base 7?
11
6 (base 15) to base 9
6
Convert -5 (base 15) to base 10.
-5
-22 (base 5) to base 15
-c
-28 (base 10) to base 11
-26
10 (base 9) to base 3
100
What is 65 (base 14) in base 5?
324
Convert 203 (base 6) to base 10.
75
Convert -22 (base 15) to base 9.
-35
What is -21 (base 3) in base 15?
-7
Convert -36 (base 14) to base 12.
-40
-122 (base 3) to base 11
-16
2 (base 7) to base 8
2
What is 11 (base 11) in base 10?
12
Convert 6c (base 16) to base 13.
84
What is -7 (base 10) in base 5?
-12
Convert 24 (base 7) to base 14.
14
Convert -49 (base 12) to base 11.
-52
Convert 19 (base 15) to base 13.
1b
What is -5 (base 15) in base 11?
-5
What is 31 (base 15) in base 11?
42
What is 0 (base 12) in base 8?
0
Convert 211 (base 3) to base 9.
24
10001100 (base 2) to base 4
2030
-13 (base 13) to base 9
-17
-20112 (base 3) to base 6
-452
4 (base 11) to base 12
4
What is b (base 15) in base 2?
1011
What is -100 (base 5) in base 7?
-34
122 (base 4) to base 2
11010
Convert -87 (base 12) to base 2.
-1100111
What is c (base 16) in base 15?
c
11 (base 12) to base 13
10
What is -4 (base 15) in base 12?
-4
Convert -11 (base 3) to base 8.
-4
What is 11 (base 3) in base 5?
4
3 (base 15) to base 12
3
-1 (base 9) to base 6
-1
-100 (base 3) to base 16
-9
-7 (base 14) to base 13
-7
Convert -2 (base 12) to base 11.
-2
11 (base 10) to base 3
102
212 (base 3) to base 8
27
Convert 13 (base 10) to base 9.
14
-62 (base 16) to base 4
-1202
What is -6 (base 11) in base 10?
-6
5 (base 14) to base 13
5
Convert 100 (base 6) to base 3.
1100
Convert 22 (base 5) to base 3.
110
What is -112112 (base 3) in base 2?
-110001000
Convert -13 (base 6) to base 16.
-9
-10 (base 12) to base 3
-110
What is -6 (base 9) in base 15?
-6
What is 155 (base 6) in base 8?
107
20 (base 12) to base 15
19
What is -2 (base 7) in base 8?
-2
What is 16 (base 10) in base 9?
17
What is -8 (base 9) in base 8?
-10
-33 (base 12) to base 5
-124
-16 (base 7) to base 9
-14
Convert 2 (base 4) to base 2.
10
Convert 58 (base 14) to base 8.
116
What is 0 (base 11) in base 14?
0
What is 1210 (base 3) in base 16?
30
8 (base 9) to base 16
8
14 (base 12) to base 4
100
Convert -10 (base 4) to base 5.
-4
Convert 32 (base 5) to base 4.
101
Convert -10 (base 3) to base 15.
